{"id":963,"date":"2012-02-06T13:44:22","date_gmt":"2012-02-06T13:44:22","guid":{"rendered":"https:\/\/transarpe.net\/web\/?page_id=963"},"modified":"2018-09-03T15:03:05","modified_gmt":"2018-09-03T14:03:05","slug":"aridos","status":"publish","type":"page","link":"https:\/\/transarpe.net\/web\/aridos\/","title":{"rendered":"\u00c1ridos"},"content":{"rendered":"<div class=\"wpb-content-wrapper\"><p>[vc_row type=\u00bbvc_default\u00bb full_width=\u00bbstretch_row_content_no_spaces\u00bb margin_top=\u00bb-50&#8243; bg_type=\u00bbimage\u00bb bg_override=\u00bbex-full\u00bb enable_overlay=\u00bbenable_overlay_value\u00bb overlay_color=\u00bbrgba(0,0,0,0.32)\u00bb overlay_pattern=\u00bbtransperant\u00bb overlay_pattern_opacity=\u00bb25&#8243; css=\u00bb.vc_custom_1535616545728{padding-top: 10% !important;padding-bottom: 10% !important;background-image: url(https:\/\/transarpe.net\/web\/wp-content\/uploads\/2018\/08\/aridos2.jpg?id=1782) !important;}\u00bb][vc_column offset=\u00bbvc_col-lg-12 vc_col-md-12&#8243; css=\u00bb.vc_custom_1535613195075{padding-bottom: 10px !important;}\u00bb]<div id=\"ultimate-heading-168769f0b5bf41ad5\" class=\"uvc-heading ult-adjust-bottom-margin ultimate-heading-168769f0b5bf41ad5 uvc-8623 \" data-hspacer=\"line_with_icon\" data-hline_width=\"360\" data-hicon_type=\"custom\" data-hborder_style=\"solid\" data-hborder_height=\"3\" data-hborder_color=\"#00802a\" data-icon_width=\"56\" data-hfixer=\"10\"  data-halign=\"center\" style=\"text-align:center\"><div class=\"uvc-main-heading ult-responsive\"  data-ultimate-target='.uvc-heading.ultimate-heading-168769f0b5bf41ad5 h2'  data-responsive-json-new='{\"font-size\":\"desktop:44px;mobile_landscape:22px;mobile:22px;\",\"line-height\":\"desktop:46px;mobile_landscape:32px;mobile:32px;\"}' ><h2 style=\"font-family:&#039;Source Sans Pro&#039;;font-weight:600;color:#ffffff;\">\u00c1RIDOS<\/h2><\/div><div class=\"uvc-sub-heading ult-responsive\"  data-ultimate-target='.uvc-heading.ultimate-heading-168769f0b5bf41ad5 .uvc-sub-heading '  data-responsive-json-new='{\"font-size\":\"desktop:58px;mobile_landscape:38px;mobile:30px;\",\"line-height\":\"desktop:68px;mobile_landscape:48px;mobile:40px;\"}'  style=\"font-family:&#039;Source Sans Pro&#039;;font-weight:300;color:#ffffff;margin-top:10px;margin-bottom:20px;\"><\/p>\n<h2 class=\"fancy-subtitle start-animation-done start-animation\" style=\"text-align: center;\"><\/h2>\n<p><\/div><div class=\"uvc-heading-spacer line_with_icon\" style=\"top\"><div class=\"ult-just-icon-wrapper  \"><div class=\"align-icon\" style=\"text-align:center;\">\n<div class=\"aio-icon-img \" style=\"font-size:56px;display:inline-block;\" >\n\t<img decoding=\"async\" class=\"img-icon\" alt=\"null\" src=\"https:\/\/transarpe.net\/web\/wp-content\/uploads\/2018\/08\/camion-aridos.png\"\/>\n<\/div><\/div><\/div><\/div><\/div><style type=\"text\/css\" data-type=\"the7_shortcodes-inline-css\">.dt-breadcrumbs-id-402ab09ba2bc3c62625edbc012a8f345 .breadcrumbs {\n  display: inline-block;\n  margin: 0;\n  padding: 2px 12px 2px 12px;\n  border: 1px solid rgba(255,255,255,0.25);\n  border-radius: 0px;\n}\n.dt-breadcrumbs-id-402ab09ba2bc3c62625edbc012a8f345 .breadcrumbs * {\n  font-size: 13px;\n  line-height: 16px;\n  text-transform: uppercase;\n  color: #ffffff;\n}\n<\/style><div class=\"dt-breadcrumbs-shortcode dt-breadcrumbs-id-402ab09ba2bc3c62625edbc012a8f345 align-centre\"><div class=\"assistive-text\">Est\u00e1s aqu\u00ed:<\/div><ol class=\"breadcrumbs text-small\" itemscope itemtype=\"https:\/\/schema.org\/BreadcrumbList\"><li itemprop=\"itemListElement\" itemscope itemtype=\"https:\/\/schema.org\/ListItem\"><a itemprop=\"item\" href=\"https:\/\/transarpe.net\/web\/\" title=\"Inicio\"><span itemprop=\"name\">Inicio<\/span><\/a><meta itemprop=\"position\" content=\"1\" \/><\/li><li class=\"current\" itemprop=\"itemListElement\" itemscope itemtype=\"https:\/\/schema.org\/ListItem\"><span itemprop=\"name\">P\u00e1gina<\/span><meta itemprop=\"position\" content=\"2\" \/><\/li><\/ol><\/div>[\/vc_column][\/vc_row][vc_row][vc_column][vc_column_text]<\/p>\n<div id=\"Texto\">\n<p style=\"text-align: justify;\" align=\"justify\"><span style=\"font-family: helvetica, arial, sans-serif; font-size: 12pt;\">Desde hace m\u00e1s de 70 a\u00f1os <em><strong>TRANSARPE\u00a0<\/strong> <\/em>se dedica a la extracci\u00f3n, fabricaci\u00f3n y comercializaci\u00f3n de arenas y gravas. <\/span><span style=\"font-family: helvetica, arial, sans-serif; font-size: 12pt;\">Disponemos de \u00e1ridos sil\u00edceos rodados y triturados, certificados, para hormigones, morteros, mezclas bituminosas, capas de firmes y para otros usos. Tambi\u00e9n disponemos de \u00e1ridos, zahorras y para otros usos.<\/span><\/p>\n<p style=\"text-align: justify;\" align=\"justify\"><span style=\"font-family: helvetica, arial, sans-serif; font-size: 12pt;\">Contamos con los sistemas m\u00e1s actuales para el lavado, clasificaci\u00f3n y triturado de los \u00e1ridos, y con un modern\u00edsimo parque de maquinara de O.P. y veh\u00edculos para el transporte, todo ello en un permanente proceso de renovaci\u00f3n y siempre atentos a las novedades y avances del mercado. <\/span><span style=\"font-family: helvetica, arial, sans-serif; font-size: 12pt;\">Todo esto nos permite asegurar a nuestos Clientes una calidad de producto capaz se satisfacer las expectativas m\u00e1s exigentes.<\/span><\/p>\n<\/div>\n<p>[\/vc_column_text][\/vc_column][\/vc_row][vc_row anchor=\u00bbaridos\u00bb][vc_column][vc_text_separator title=\u00bb\u00c1RIDOS UNE-EN\u00bb color=\u00bbgreen\u00bb style=\u00bbshadow\u00bb border_width=\u00bb2&#8243; el_width=\u00bb90&#8243;][vc_column_text css=\u00bb.vc_custom_1535299932917{margin-top: -26px !important;}\u00bb]<\/p>\n<p style=\"text-align: center;\"><a class=\"dt-pswp-item\" href=\"https:\/\/transarpe.net\/web\/wp-content\/uploads\/2018\/08\/CE-IQNET-AENOR.png\" data-dt-img-description=\"\" data-large_image_width=\"201\" data-large_image_height=\"68\"><img loading=\"lazy\" decoding=\"async\" class=\"wp-image-1147 aligncenter\" src=\"https:\/\/transarpe.net\/web\/wp-content\/uploads\/2018\/08\/CE-IQNET-AENOR.png\" alt=\"\" width=\"123\" height=\"42\" \/><\/a>\u00a0<span style=\"font-size: 10pt;\"><strong><em><span style=\"font-family: helvetica, arial, sans-serif;\"> UNE-EN12620 \u00b7 UNE-EN13139 \u00b7 UNE-EN13043 \u00b7 UNE-EN13242<\/span><\/em><\/strong><\/span><\/p>\n<p>[\/vc_column_text][\/vc_column][\/vc_row][vc_row anchor=\u00bb12620&#8243;][vc_column width=\u00bb1\/2&#8243;][vc_empty_space height=\u00bb12px\u00bb][vc_single_image image=\u00bb1143&#8243; img_size=\u00bbfull\u00bb alignment=\u00bbcenter\u00bb style=\u00bbvc_box_shadow_border\u00bb][\/vc_column][vc_column width=\u00bb1\/2&#8243;]<div class=\"dt-fancy-separator text-big title-color\" style=\"width: 100%;\"><div class=\"dt-fancy-title\"><span class=\"separator-holder separator-left\" style=\"border-color: #00802a;\"><\/span>Hormigones UNE-EN 12620<span class=\"separator-holder separator-right\" style=\"border-color: #00802a;\"><\/span><\/div><\/div>[vc_empty_space height=\u00bb12px\u00bb][vc_column_text]<\/p>\n<p style=\"text-align: justify;\"><span style=\"font-family: helvetica, arial, sans-serif;\"><strong>UNE-EN 12620:2002+A1:2008 :<\/strong> Arenas y gravas sil\u00edceas, rodadas y de machaqueo, para la preparaci\u00f3n de hormigones en general, pavimentos de hormig\u00f3n, hormig\u00f3n estructural y productos prefabricados de hormig\u00f3n en masa y hormig\u00f3n armado. Para la fabricaci\u00f3n de hormigones disponemos de dos productos certificados en nuestra gravera: <\/span><\/p>\n<ol>\n<li style=\"text-align: justify;\"><span style=\"font-family: helvetica, arial, sans-serif;\"><strong>Arena 0\/5 mm:<\/strong> tiene una limpieza excepcional y , habitualmente se obtienen valores del equivalente de arena mayores de 90, lo que la hace ideal para la fabricaci\u00f3n de hormig\u00f3n ya que se obtienen altas resistencias con ajustadas dosificaciones de cemento y aditivos.<\/span><\/li>\n<li style=\"text-align: justify;\"><span style=\"font-family: helvetica, arial, sans-serif;\"><strong>Gravilla triturada (\u00e1rido hormig\u00f3n) 8\/20 mm:<\/strong> posee unos elevados valores de resistencia a la fragmentaci\u00f3n por lo que son ideales para usarlas en hormig\u00f3n estructural, pavimentos de hormig\u00f3n y prefabricados de hormig\u00f3n, con y sin armaduras, en los que se requieran altas resistencias.<\/span><\/li>\n<\/ol>\n<p>[\/vc_column_text][\/vc_column][\/vc_row][vc_row anchor=\u00bb13139&#8243;][vc_column width=\u00bb1\/2&#8243;]<div class=\"dt-fancy-separator text-big title-color\" style=\"width: 100%;\"><div class=\"dt-fancy-title\"><span class=\"separator-holder separator-left\" style=\"border-color: #00802a;\"><\/span>Morteros UNE-EN 13139<span class=\"separator-holder separator-right\" style=\"border-color: #00802a;\"><\/span><\/div><\/div>[vc_empty_space height=\u00bb12px\u00bb][vc_column_text]<\/p>\n<p style=\"text-align: justify;\"><span style=\"font-family: helvetica, arial, sans-serif;\"><strong>EN 13139:2002, EN 13139:2002\/AC :<\/strong> Arenas sil\u00edceas rodadas para la utilizarlas en morteros en general, para su uso en alba\u00f1iler\u00eda, pavimentos, revistimientos, enfoscados y pastas, para las edificaciones, carreteras y trabajos de ingenier\u00eda civil. Para la producci\u00f3n de morteros disponemos de un producto certificado: <\/span><\/p>\n<ol>\n<li style=\"text-align: justify;\"><span style=\"font-family: helvetica, arial, sans-serif;\"><strong>Arena lavada 0\/2 mm:<\/strong> Puede utilizarse, entre otras posibles obras, en la construcci\u00f3n de edificaciones, carreteras y trabajos de ingenier\u00eda civil, siendo su posible uso, por ejemplo: la preparaci\u00f3n de morteros para alba\u00f1iler\u00eda, la realizaci\u00f3n de pavimentos\/enlucidos, el revestimiento de paredes interiores (mortero para revestimiento), el enfoscado de paredes exteriores, para la preparaci\u00f3n de materiales especiales para cimentaci\u00f3n, para la preparaci\u00f3n de mortero para reparaci\u00f3n, para realizaci\u00f3n de pastas, etc.<br \/>\n<\/span><\/li>\n<\/ol>\n<p>[\/vc_column_text][\/vc_column][vc_column width=\u00bb1\/2&#8243;][vc_empty_space height=\u00bb12px\u00bb][vc_single_image image=\u00bb1145&#8243; img_size=\u00bbfull\u00bb add_caption=\u00bbyes\u00bb alignment=\u00bbcenter\u00bb style=\u00bbvc_box_shadow_border\u00bb image_hovers=\u00bbfalse\u00bb][\/vc_column][\/vc_row][vc_row anchor=\u00bb13242&#8243;][vc_column width=\u00bb1\/2&#8243;][vc_empty_space height=\u00bb12px\u00bb][vc_single_image image=\u00bb1149&#8243; img_size=\u00bbfull\u00bb alignment=\u00bbcenter\u00bb style=\u00bbvc_box_shadow_border\u00bb][\/vc_column][vc_column width=\u00bb1\/2&#8243;]<div class=\"dt-fancy-separator text-big title-color\" style=\"width: 100%;\"><div class=\"dt-fancy-title\"><span class=\"separator-holder separator-left\" style=\"border-color: #00802a;\"><\/span>Capas Granulares UNE-EN 13242<span class=\"separator-holder separator-right\" style=\"border-color: #00802a;\"><\/span><\/div><\/div>[vc_empty_space height=\u00bb12px\u00bb][vc_column_text]<\/p>\n<p style=\"text-align: justify;\"><span style=\"font-family: helvetica, arial, sans-serif;\"><strong>EN 13242:2002+A1:2007 :<\/strong> Arenas, gravas y zahorras, rodadas y de machaqueo para la preparaci\u00f3n de materiales tratados, o no tratados, con ligantes hidr\u00e1ulicos para trabajos de ingenieria civil y construccion de carreteras. Disponemos de un producto certificado: <\/span><\/p>\n<ol>\n<li style=\"list-style-type: none;\">\n<ol>\n<li style=\"text-align: justify;\"><span style=\"font-family: helvetica, arial, sans-serif;\"><strong>Capas Granulares 0\/40 (Zahorra artificial):<\/strong> Zahorra Artificial sil\u00edcea (AG-M-0\/40-S). Se fabrica mediante el machaqueo de las part\u00edculas de mayor tama\u00f1o del \u201ctodouno\u201d, sin lavar, extra\u00eddo en nuestras graveras. El resultado es un \u00e1rido adecuado para su compactaci\u00f3n en capas de firmes.<\/span><\/li>\n<\/ol>\n<\/li>\n<\/ol>\n<p>[\/vc_column_text][\/vc_column][\/vc_row][vc_row anchor=\u00bb13043&#8243;][vc_column width=\u00bb1\/2&#8243;]<div class=\"dt-fancy-separator text-big title-color\" style=\"width: 100%;\"><div class=\"dt-fancy-title\"><span class=\"separator-holder separator-left\" style=\"border-color: #00802a;\"><\/span>Mezclas Bituminosas UNE-EN 13043<span class=\"separator-holder separator-right\" style=\"border-color: #00802a;\"><\/span><\/div><\/div>[vc_empty_space height=\u00bb12px\u00bb][vc_column_text]<\/p>\n<p style=\"text-align: justify;\"><span style=\"font-family: helvetica, arial, sans-serif;\"><strong>EN 13043:2002, EN 13043:2002\/AC:2004 :<\/strong> Para su uso en mezclas bituminosas y tratamientos superficiales de carreteras, aeropuertos y otras zonas pavimentadas. Todas ellos proceden del machaqueo de los cantos rodados de mayor tama\u00f1o. Las caracter\u00edsticas esenciales y los valores obtenidos en los ensayos, Estan verificados por AENOR.<br \/>\nEl proceso de triturado en nuestras plantas es realizado mediante molinos de impacto por lo que la forma de las part\u00edculas obtenidas es excelente, logr\u00e1ndose valores muy bajos en el \u00cdndice de Lajas. Disponemos de dos productos certificados: <\/span><\/p>\n<ol>\n<li style=\"text-align: justify;\"><span style=\"font-family: helvetica, arial, sans-serif;\"><strong>Gravilla 5\/11 mm. para mezcla bituminosa.<\/strong> <\/span><\/li>\n<li style=\"text-align: justify;\"><span style=\"font-family: helvetica, arial, sans-serif;\"><strong>Gravilla 10\/20 mm. para mezcla bituminosa.<\/strong> <\/span><\/li>\n<\/ol>\n<p>[\/vc_column_text][\/vc_column][vc_column width=\u00bb1\/2&#8243;][vc_empty_space height=\u00bb12px\u00bb][vc_single_image image=\u00bb1151&#8243; img_size=\u00bbfull\u00bb alignment=\u00bbcenter\u00bb style=\u00bbvc_box_shadow_border\u00bb image_hovers=\u00bbfalse\u00bb][\/vc_column][\/vc_row][vc_row anchor=\u00bbotros-aridos\u00bb][vc_column][vc_text_separator title=\u00bb\u00c1RIDOS PARA OTROS USOS\u00bb color=\u00bbgreen\u00bb style=\u00bbshadow\u00bb border_width=\u00bb2&#8243; el_width=\u00bb90&#8243;][vc_column_text css=\u00bb.vc_custom_1535301559633{margin-top: -12px !important;}\u00bb]<\/p>\n<p style=\"text-align: center;\"><strong><span style=\"font-family: helvetica, arial, sans-serif; font-size: 10pt;\">Adem\u00e1s de los materiales descritos en los otros apartados, disponemos de distintos materiales, tanto de natrualeza sil\u00edcea como caliza, rodados, triturados y\/o mezclados, lavados y sin lavar, clasificados y sin clasificar, para distintos usos.<\/span><\/strong><\/p>\n<p>[\/vc_column_text][\/vc_column][\/vc_row][vc_row][vc_column width=\u00bb1\/2&#8243;][vc_empty_space height=\u00bb12px\u00bb][vc_single_image image=\u00bb1152&#8243; img_size=\u00bbfull\u00bb alignment=\u00bbcenter\u00bb style=\u00bbvc_box_shadow_border\u00bb image_hovers=\u00bbfalse\u00bb][\/vc_column][vc_column width=\u00bb1\/2&#8243;]<div class=\"dt-fancy-separator text-big title-color\" style=\"width: 100%;\"><div class=\"dt-fancy-title\"><span class=\"separator-holder separator-left\" style=\"border-color: #00802a;\"><\/span>Otros \u00c1ridos<span class=\"separator-holder separator-right\" style=\"border-color: #00802a;\"><\/span><\/div><\/div>[vc_empty_space height=\u00bb12px\u00bb][vc_column_text]<\/p>\n<p style=\"text-align: justify;\"><span style=\"font-family: helvetica, arial, sans-serif;\">Estos materiales est\u00e1n indicados, principalmente, para trabajos de alba\u00f1iler\u00eda y jardiner\u00eda, como materiales filtrantes y para bases, como materiales de relleno, para usos ornamentales, etc. Disponemos de los siguientes tipos:<\/span><\/p>\n<p><span style=\"font-family: helvetica, arial, sans-serif;\">-Grava revolt\u00f3n de 20 y 40 mm de di\u00e1metro.<\/span><br \/>\n<span style=\"font-family: helvetica, arial, sans-serif;\">-Arena lavada 0-10.<\/span><br \/>\n<span style=\"font-family: helvetica, arial, sans-serif;\">-Zahorra natural y zahorra artificial con \u00edndice de plasticidad entre 6 y 9<\/span><br \/>\n<span style=\"font-family: helvetica, arial, sans-serif;\">-Tierra Vegetal y Tierra Vegetal envuelta con Arena Lavada.<\/span><br \/>\n<span style=\"font-family: helvetica, arial, sans-serif;\">-Bolos con di\u00e1metro &gt;40 mm.<\/span><br \/>\n<span style=\"font-family: helvetica, arial, sans-serif;\">-Gravacemento.<\/span><br \/>\n<span style=\"font-family: helvetica, arial, sans-serif;\">-Gravilla lavada 4\/10 y arena molida 0\/6.<\/span><br \/>\n<span style=\"font-family: helvetica, arial, sans-serif;\">-Arena 0-5 especial para tarimas flotantes.<\/span>[\/vc_column_text][\/vc_column][\/vc_row][vc_row][vc_column offset=\u00bbvc_hidden-lg vc_hidden-md vc_hidden-sm vc_hidden-xs\u00bb][vc_column_text]<\/p>\n<div id=\"Texto\">\n<p align=\"justify\">Desde hace m\u00e1s de 60 a\u00f1os TRANSARPE se dedica a la extracci\u00f3n, fabricaci\u00f3n y comercializaci\u00f3n de arenas y gravas.<\/p>\n<p align=\"justify\">Disponemos de \u00e1ridos sil\u00edceos rodados y triturados, certificados, para hormigones, morteros, mezclas bituminosas, capas de firmes y para otros usos. Tambi\u00e9n disponemos de \u00e1ridos, zahorras y para otros usos.<\/p>\n<p align=\"justify\">Contamos con los sistemas m\u00e1s actuales para el lavado, clasificaci\u00f3n y triturado de los \u00e1ridos, y con un modern\u00edsimo parque de maquinara de O.P. y veh\u00edculos para el transporte, todo ello en un permanente proceso de renovaci\u00f3n y siempre atentos a las novedades y avances del mercado.<\/p>\n<p align=\"justify\">Todo esto nos permite asegurar a nuestos Clientes una calidad de producto capaz se satisfacer las expectativas m\u00e1s exigentes.<\/p>\n<\/div>\n<p>&nbsp;<\/p>\n<h2>Aridos para Hormigones UNE-EN 12620.<\/h2>\n<p><a href=\"#\"><img loading=\"lazy\" decoding=\"async\" class=\"alignleft border size-medium wp-image-454\" title=\"UNE 10\/20\" src=\"http:\/\/www.transarpe.net\/img\/10_20.jpg\" alt=\"\" width=\"200\" height=\"139\" \/><\/a><\/p>\n<p align=\"justify\">seg\u00fan UNE-EN 12620 y EHE. Arenas y gravas sil\u00edceas, rodadas y de machaqueo, para la preparaci\u00f3n de hormigones en general, pavimentos de hormig\u00f3n, hormig\u00f3n estructural y productos prefabricados de hormig\u00f3n en masa y hormig\u00f3n armado. Disponemos de dos productos certificados nuestra gravera: una arena (0\/5) y una gravilla (10\/20).<\/p>\n<p>[button url=\u00bbhttps:\/\/transarpe.net\/web\/?page_id=847&#8243; grad1=\u00bb#044410&#8243; grad2=\u00bb#055c13 textcolor=\u00bb#fafafa\u00bb]Saber Mas[\/button]<\/p>\n<h2>Aridos para Morteros UNE-EN 13139.<\/h2>\n<p><a href=\"#\"><img loading=\"lazy\" decoding=\"async\" class=\"alignright border size-medium wp-image-456\" title=\"UNE 0\/2\" src=\"http:\/\/www.transarpe.net\/img\/0_2.jpg\" alt=\"\" width=\"200\" height=\"155\" \/><\/a><\/p>\n<p align=\"justify\">Seg\u00fan UNE-EN 13139 y EHE. Arenas sil\u00edceas rodadas para la utilizarlas en morteros en general, para su uso en alba\u00f1iler\u00eda, pavimentos, revistimientos, enfoscados y pastas, para las edificaciones, carreteras y trabajos de ingenier\u00eda civil. Para la producci\u00f3n de morteros disponemos de un producto certificado, la arena lavada 0\/2 mm.<\/p>\n<p>[button url=\u00bbhttps:\/\/transarpe.net\/web\/?page_id=852&#8243; grad1=\u00bb#044410&#8243; grad2=\u00bb#055c13 textcolor=\u00bb#fafafa\u00bb]Saber Mas[\/button]<\/p>\n<h2>Aridos para Mezclas Bituminosas UNE-EN 13043.<\/h2>\n<p><a href=\"#\"><img loading=\"lazy\" decoding=\"async\" class=\"alignleft border size-medium wp-image-454\" title=\"UNE 5\/11\" src=\"http:\/\/www.transarpe.net\/img\/5_11.jpg\" alt=\"\" width=\"200\" height=\"139\" \/><\/a><\/p>\n<p align=\"justify\">seg\u00fan UNE-EN 13043. Arenas y gravas sil\u00edceas, de machaqueo, para la preparaci\u00f3n de mezclas bituminosas y tratamientos superficiales de carreteras, aeropuertos y otras zonas pavimentadas. Disponemos de tres tipos de \u00e1ridos certificados .<\/p>\n<p>[button url=\u00bbhttps:\/\/transarpe.net\/web\/?page_id=854&#8243; grad1=\u00bb#044410&#8243; grad2=\u00bb#055c13 textcolor=\u00bb#fafafa\u00bb]Saber Mas[\/button]<\/p>\n<h2>Aridos para Capas Granulares UNE-EN 13242.<\/h2>\n<p><a href=\"#\"><img loading=\"lazy\" decoding=\"async\" class=\"alignright border size-medium wp-image-456\" title=\"UNE 0\/40\" src=\"http:\/\/www.transarpe.net\/img\/0_40.jpg\" alt=\"\" width=\"200\" height=\"155\" \/><\/a><\/p>\n<p align=\"justify\">seg\u00fan UNE-EN 13242. Arenas, gravas y zahorras, rodadas y de machaqueo para la preparaci\u00f3n de materiales tratados, o no tratados, con ligantes hidr\u00e1ulicos para trabajos de ingenieria civil y construccion de carreteras. Disponemos de un producto certificado, la zahorra artificial 0\/40 mm.<\/p>\n<p>[button url=\u00bbhttps:\/\/transarpe.net\/web\/?page_id=856&#8243; grad1=\u00bb#044410&#8243; grad2=\u00bb#055c13 textcolor=\u00bb#fafafa\u00bb]Saber Mas[\/button]<\/p>\n<h2>Aridos Para Otros Usos.<\/h2>\n<p><a href=\"#\"><img loading=\"lazy\" decoding=\"async\" class=\"alignleft border size-medium wp-image-454\" title=\"Otros Usos\" src=\"http:\/\/www.transarpe.net\/img\/otros.jpg\" alt=\"\" width=\"200\" height=\"155\" \/><\/a><\/p>\n<p align=\"justify\">Zahorras y otros materiales siI\u00edceos y calizos, rodados y de machaqueo, clasificados y sin clasificar, para trabajos de alba\u00f1iler\u00eda y jardiner\u00eda, y para su uso como bases, sub-bases, capas de drenaje, materiales de relleno, usos ornamentales, etc.<\/p>\n<p>[button url=\u00bbhttps:\/\/transarpe.net\/web\/?page_id=858&#8243; grad1=\u00bb#044410&#8243; grad2=\u00bb#055c13 textcolor=\u00bb#fafafa\u00bb]Saber Mas[\/button][\/vc_column_text][\/vc_column][\/vc_row]<\/p>\n<\/div>","protected":false},"excerpt":{"rendered":"<p>[vc_row type=\u00bbvc_default\u00bb full_width=\u00bbstretch_row_content_no_spaces\u00bb margin_top=\u00bb-50&#8243; bg_type=\u00bbimage\u00bb bg_override=\u00bbex-full\u00bb enable_overlay=\u00bbenable_overlay_value\u00bb overlay_color=\u00bbrgba(0,0,0,0.32)\u00bb overlay_pattern=\u00bbtransperant\u00bb overlay_pattern_opacity=\u00bb25&#8243; css=\u00bb.vc_custom_1535616545728{padding-top: 10% !important;padding-bottom: 10% !important;background-image: url(https:\/\/transarpe.net\/web\/wp-content\/uploads\/2018\/08\/aridos2.jpg?id=1782) !important;}\u00bb][vc_column offset=\u00bbvc_col-lg-12 vc_col-md-12&#8243; css=\u00bb.vc_custom_1535613195075{padding-bottom: 10px !important;}\u00bb][\/vc_column][\/vc_row][vc_row][vc_column][vc_column_text] Desde hace m\u00e1s de 70 a\u00f1os TRANSARPE\u00a0 se dedica a la extracci\u00f3n, fabricaci\u00f3n y comercializaci\u00f3n de arenas y gravas. Disponemos de \u00e1ridos sil\u00edceos rodados y triturados, certificados, para hormigones, morteros, mezclas bituminosas, capas<\/p>\n","protected":false},"author":1,"featured_media":0,"parent":0,"menu_order":0,"comment_status":"closed","ping_status":"closed","template":"","meta":{"footnotes":""},"_links":{"self":[{"href":"https:\/\/transarpe.net\/web\/wp-json\/wp\/v2\/pages\/963"}],"collection":[{"href":"https:\/\/transarpe.net\/web\/wp-json\/wp\/v2\/pages"}],"about":[{"href":"https:\/\/transarpe.net\/web\/wp-json\/wp\/v2\/types\/page"}],"author":[{"embeddable":true,"href":"https:\/\/transarpe.net\/web\/wp-json\/wp\/v2\/users\/1"}],"replies":[{"embeddable":true,"href":"https:\/\/transarpe.net\/web\/wp-json\/wp\/v2\/comments?post=963"}],"version-history":[{"count":0,"href":"https:\/\/transarpe.net\/web\/wp-json\/wp\/v2\/pages\/963\/revisions"}],"wp:attachment":[{"href":"https:\/\/transarpe.net\/web\/wp-json\/wp\/v2\/media?parent=963"}],"curies":[{"name":"wp","href":"https:\/\/api.w.org\/{rel}","templated":true}]}}